 5135b8 - -1a?
5135d2
In base 14, what is -282 - -1525?
1283
In base 3, what is 111101122000001 - 210?
111101121222021
In base 6, what is 144 + -25013311?
-25013123
In base 15, what is 1 + 11ab901?
11ab902
In base 4, what is 10301 + 10031333?
10102300
In base 12, what is 20a54 + -9a3?
20071
In base 4, what is -132101 - 22212?
-220313
In base 6, what is 142010 - 430?
141140
In base 3, what is -22 - -2021200012212120?
2021200012212021
In base 5, what is 11442 - -2021024?
2033021
In base 8, what is 102367267 + -16?
102367251
In base 9, what is 24402282 - 0?
24402282
In base 9, what is -123585 - 867?
-124563
In base 14, what is 573cb0 - 24?
573c8a
In base 7, what is -502 - -10660200?
10656365
In base 4, what is -122312 - -3013210?
2230232
In base 2, what is -101000101100000010 + -100110?
-101000101100101000
In base 14, what is -674 - 328a?
-3920
In base 10, what is -269211 - -443?
-268768
In base 5, what is 3 - -3141213101?
3141213104
In base 4, what is -11 + 311021123231?
311021123220
In base 13, what is c306a023 - -4?
c306a027
In base 13, what is -28 + 14b551?
14b526
In base 2, what is 1010001110001001 - 111000111?
1010000111000010
In base 9, what is 825 + -365828?
-365003
In base 15, what is 1c1650 - 91?
1c15ae
In base 16, what is -1 + -10ab6857?
-10ab6858
In base 2, what is -101110111 + 1101100100110100?
1101011110111101
In base 14, what is 147 + 14550b?
145654
In base 13, what is -2 + -5753b73?
-5753b75
In base 5, what is -212141010 - 30011?
-212221021
In base 8, what is -121 - -1002774?
1002653
In base 8, what is -2 - 2132427240?
-2132427242
In base 2, what is -111000001 + -11111101111010011001?
-11111110000001011010
In base 10, what is 3842 - 1188?
2654
In base 15, what is 354 + 944?
c98
In base 11, what is -1 + -3580837?
-3580838
In base 5, what is 1322211112 + 3?
1322211120
In base 13, what is 65b3 + -2689?
3c27
In base 4, what is 323013221033 + -3?
323013221030
In base 8, what is 0 + -46561770?
-46561770
In base 12, what is 4 - 1943062?
-194305a
In base 9, what is 777 + 20870?
21757
In base 15, what is -4b + -1ce45e?
-1ce4aa
In base 9, what is -2580512 + 3?
-2580508
In base 14, what is 17a666 + 7d?
17a705
In base 6, what is -1010 - -2411211?
2410201
In base 6, what is 130511331 - -250?
130512021
In base 8, what is -4713034 - 0?
-4713034
In base 2, what is 101 - -10100001110010001001110000?
10100001110010001001110101
In base 3, what is -11 + -10101100012?
-10101100100
In base 6, what is -103040441 - 23?
-103040504
In base 13, what is -1 + -4c0993?
-4c0994
In base 5, what is 202 + 20244043044?
20244043301
In base 3, what is -20 + -11012120001?
-11012120021
In base 9, what is -57067 + 145?
-56822
In base 11, what is -9a672 - 165?
-9a827
In base 6, what is 1 - 133444000?
-133443555
In base 14, what is 6a9710 - 1?
6a970d
In base 2, what is 111100111010010000 - -1000?
111100111010011000
In base 14, what is 129ad16 + -2?
129ad14
In base 13, what is -3703 - -268?
-3468
In base 8, what is -2671 - -6712?
4021
In base 14, what is -51 - -16527b?
16522a
In base 14, what is -36011c - 1?
-36011d
In base 6, what is 432442 - 2440?
430002
In base 12, what is 281 + 619b5?
62076
In base 14, what is 93c067 + -4?
93c063
In base 2, what is 10111000111010 + 1101111100000?
100101000011010
In base 4, what is 1 - 21312020011?
-21312020010
In base 6, what is -4 - 20430032?
-20430040
In base 6, what is 205132 + 115?
205251
In base 15, what is -423419 - -4?
-423415
In base 10, what is 42349725 - 2?
42349723
In base 4, what is 201021130212120 + -1?
201021130212113
In base 6, what is 20034133 + 302?
20034435
In base 15, what is aaae8 + -1?
aaae7
In base 14, what is 300 - 2578?
-2278
In base 3, what is -1100111002210211 - -11?
-1100111002210200
In base 3, what is -102211111 + -21022011?
-201010122
In base 9, what is -575522 + 362?
-575150
In base 14, what is -7b1 + -32b6?
-3a87
In base 13, what is -3c3 - 22590?
-22983
In base 4, what is -233221 - 1131120?
-2031001
In base 16, what is 10f8 - -204?
12fc
In base 15, what is 4845694 + 0?
4845694
In base 8, what is 516 + 370020?
370536
In base 11, what is 25 - 4066?
-4041
In base 4, what is -2003 + 232300332?
232232323
In base 6, what is -555 + 1250521?
1245522
In base 5, what is -1130243103 + 10?
-1130243043
In base 11, what is 6224 + 8718?
13941
In base 5, what is -4 - 4104400412?
-4104400421
In base 6, what is 235322424414 - 0?
235322424414
In base 12, what is 42267 - -110?
42377
In base 3, what is 200101001112020 + 22?
200101001112112
In base 6, what is -1045320 + -21?
-1045341
In base 10, what is -66 - -38069?
38003
In base 6, what is 42253 - 30135?
12114
In base 2, what is 1011011000101101110110110100 + 101?
1011011000101101110110111001
In base 15, what is -56dc54 + -3?
-56dc57
In base 13, what is 494b892 - 5?
494b88a
In base 9, what is -762524315 + 2?
-762524313
In base 11, what is 4302 + -65a?
3753
In base 6, what is -32 + 3235101?
3235025
In base 6, what is 1414 + -2341?
-523
In base 12, what is 150211a + -7?
1502113
In base 13, what is -10b - -404c4a?
404b3c
In base 9, what is 5 - -308332546?
308332552
In base 11, what is -1207564 + 3?
-1207561
In base 8, what is -1344 - 4725?
-6271
In base 14, what is -ad7 - -357da?
34b03
In base 14, what is 5 + -862bc25?
-862bc20
In base 3, what is 2101002002001002 + -12?
2101002002000220
In base 9, what is -1574446 - 4?
-1574451
In base 13, what is 1 + -9ba744?
-9ba743
In base 3, what is 1 + 11022111221110?
11022111221111
In base 10, what is 2 - -2549888?
2549890
In base 4, what is -13 - -113132211332?
113132211313
In base 5, what is -111121 - -11431302?
11320131
In base 16, what is 2e307c - 25?
2e3057
In base 12, what is 1488518 + 3b?
1488557
In base 5, what is -21213332 - 23043?
-21241430
In base 6, what is -15 + -1411002?
-1411021
In base 3, what is -1100200201221001 - -10?
-1100200201220221
In base 10, what is -3 + 15033736?
15033733
In base 2, what is 100011011001 + -11000010100?
1011000101
In base 3, what is 10220210222000010 - 21?
10220210221222212
In base 14, what is 9 + 7475c?
74767
In base 3, what is 10200100001001 + 21120?
10200100022121
In base 12, what is -2400a - 377?
-24385
In base 4, what is -2102113 + 3100?
-2033013
In base 12, what is -1 - -96a4a9?
96a4a8
In base 12, what is -1a + -116265?
-116283
In base 7, what is 31525 - 3042?
25453
In base 7, what is 1031 + -1622031?
-1621000
In base 2, what is 10001 + -11011110011001110100010?
-11011110011001110010001
In base 9, what is 107841501 - 0?
107841501
In base 3, what is 100120 - 1021010110212?
-1021010010022
In base 2, what is 1001100011000101111011 - 11000?
1001100011000101100011
In base 3, what is 1200 - -11020221110202?
11020221112102
In base 5, what is 1323220143340 + -1?
1323220143334
In base 14, what is 2152 - -2c83?
4dd5
In base 14, what is -118c2c - 2b?
-118c59
In base 2, what is 10001101100 - -111110001110?
1001111111010
In base 3, what is 22 + 1111201121211001?
1111201121211100
In base 15, what is -62 - 1402c?
-1408e
In base 13, what is 813 + 27a9?
32bc
In base 4, what is 111 - -1010022233101?
1010022233212
In base 14, what is b54 + -1a02?
-c8c
In base 8, what is -3400517 + 5?
-3400512
In base 11, what is -5 - -28a9?
28a4
In base 10, what is -9709 - -57?
-9652
In base 5, what is -1242333 - 140424?
-1433312
In base 12, what is -40670b - 9?
-406718
In base 2, what is 110 - 101101000110111110111?
-101101000110111110001
In base 16, what is 4 - 9db12c?
-9db128
In base 2, what is 1000111101010000111101110100 - 101?
1000111101010000111101101111
In base 2, what is 1 + -10001001001000001011111100?
-10001001001000001011111011
In base 13, what is -770b - -b12?
-68c9
In base 9, what is 14825386 + 37?
14825434
In base 6, what is 41431 - 2321?
35110
In base 6, what is 534050 + -44?
534002
In base 7, what is 42420 - -126066?
201516
In base 15, what is -41648 + 21?
-41627
In base 9, what is -4 + 4422741?
4422736
In base 3, what is 1122111 - -111212101120?
111221001001
In base 7, what is 6605 + -505235?
-465330
In base 4, what is -121001330213 - -112?
-121001330101
In base 2, what is 10111100011111 + 100010001011100?
111001101111011
In base 11, what is 6164a0 - 4a?
616451
In base 3, what is 1210212220100022212 - 2?
1210212220100022210
In base 9, what is 13 + 83720?
83733
In base 5, what is -21121 - -32410?
11234
In